a is divided by -4*14/(-4) + 0?
13
Let w = 28 + 28. Let a(d) = d**3 - 4*d**2 - 8*d + 6. Let y be a(6). Calculate the remainder when w is divided by (-1)/(-5) + 564/y.
18
Let l = 11 + -5. Calculate the remainder when 34 is divided by l.
4
Let j = -21 - -2. Let l = j + 35. Let b = -8 + l. Calculate the remainder when 22 is divided by b.
6
Let u = -8 + 11. Calculate the remainder when 7 is divided by u.
1
Suppose -59 = -2*u - 9. Calculate the remainder when 99 is divided by u.
24
Let t be (-1*1)/(1/6). Let o be (-3)/(-12)*-2*t. Suppose 4*h = o + 1. Calculate the remainder when 1 is divided by h.
0
Let k be 61*(-1)/(-1 + 2). What is the remainder when (-1)/(-2 + k/(-31)) is divided by 16?
15
Calculate the remainder when (-16)/12*9/(-3) is divided by 3.
1
Suppose -2*d + 3 = 9. Calculate the remainder when 27 is divided by (-43)/(-3) + 1/d.
13
Let m be (-2 + 1 - 0)*1. Calculate the remainder when ((-86)/4)/(m/2) is divided by 15.
13
Suppose -18 - 4 = -2*h. Let w(j) = j**3 + 6*j**2 - 8*j - 7. Let o be w(-5). Let i = o - 26. Calculate the remainder when i is divided by h.
10
Calculate the remainder when -2*(5 + -4)*(-162)/4 is divided by 21.
18
Let b(s) = 3*s - 12. What is the remainder when b(13) is divided by 7?
6
Suppose 3*l - 3*k - 15 = 3, -3*l + 33 = 2*k. Suppose -5*s + l = y, -5*y = s - 6*s - 195. What is the remainder when y is divided by (0 - 0)*1 - -12?
10
Let v = 77 + -42. What is the remainder when v is divided by 18?
17
Let t be (5/(-2))/((-4)/(-8)). Let o = t + 8. What is the remainder when 13/2 - 1/(-2) is divided by o?
1
Let u(s) = 1 - 2*s**3 + 18*s - 18*s. Calculate the remainder when 48 is divided by u(-2).
14
Let d = -12 - -24. What is the remainder when 43 is divided by d?
7
Let a(v) = v**3 + 3*v**2 + 3*v + 1. Let g be a(-3). Let s = -6 - g. What is the remainder when s is divided by ((-4)/6)/((-6)/9)?
0
Suppose -3*v = -2*v - 6. Let t = 10 + v. Suppose 90 = 20*c - 17*c. What is the remainder when c is divided by t?
14
Suppose 398 = -9*k + 1055. Calculate the remainder when k is divided by 15.
13
Suppose p + 45 = 2*p - 4*s, -5*s + 203 = 3*p. Let o = 104 - p. What is the remainder when o is divided by 15?
13
Let p = -16 - -16. Suppose p*z + 5*i + 8 = z, 5*i + 20 = 5*z. What is the remainder when 10 is divided by z?
1
Let b(j) = 4*j - 5. What is the remainder when b(3) is divided by 4?
3
Let b(q) = -4*q - 1. Calculate the remainder when b(-5) is divided by (3 - 8*-1) + -1.
9
Let y(a) = 5*a. Let n(j) = 4*j + 9. Calculate the remainder when n(12) is divided by y(3).
12
Let v(k) = 3*k**2 + 27*k + 11. What is the remainder when v(-11) is divided by 26?
25
Let z(l) = 5*l. Let w be z(-2). Let x be (3 + 34/w)*-55. Let g = 62 - x. Calculate the remainder when g is divided by 14.
12
Let h(s) = s**3 - 8*s**2 + 11*s. Calculate the remainder when h(8) is divided by 10.
8
Suppose 5*v - 6 = 9. Suppose 2*m = 4*t - 16, -2*t - t + 25 = 5*m. Let y = v + m. What is the remainder when 8 is divided by y?
3
Let c = -34 - -70. Calculate the remainder when 69 is divided by c.
33
Let z(o) = -o**3 - 15*o**2 - 16*o - 20. What is the remainder when 71 is divided by z(-14)?
7
Let a = -1 - -4. Suppose 2*b = 2*t + t + 10, 5*t = -4*b + 20. Suppose t*k - a*k = -105. Calculate the remainder when k is divided by 12.
11
Calculate the remainder when (0 + -58)*(-7)/14 is divided by 6.
5
Suppose -24 = -0*f - 3*f. Suppose -i = i - f. What is the remainder when i is divided by 3?
1
Calculate the remainder when ((-52)/(-78))/(2/825) is divided by 23.
22
Let u = 9 + -6. Suppose -280 = -5*h - 5*v, -h = -u*h + 2*v + 116. Calculate the remainder when h is divided by 15.
12
Let g = 3 + -1. What is the remainder when g is divided by 2?
0
Let p be 5/(5/2) + 0. Suppose -r - p = -11. Suppose 13 = -v + 38. What is the remainder when v is divided by r?
7
Suppose 5*y + 131 = -3*z, y + 2*z = -0*y - 22. Let f = y + 43. What is the remainder when 26 is divided by f?
11
Let r(i) = 15*i**3 + 2*i**2 - 2*i + 1. Let f(n) = 4*n - 6. Calculate the remainder when r(1) is divided by f(3).
4
Let w(x) = -x**2 - 7*x - 5. Let j be w(-6). What is the remainder when j + (3 - 4) - -29 is divided by 8?
5
Let s(r) = r**3 - r**2 + 21. Calculate the remainder when 82 is divided by s(0).
19
Calculate the remainder when -36*(-10)/8*(-2)/(-5) is divided by 10.
8
Let c be (-15)/(-21) - (-4)/14. Let k = c + -2. Calculate the remainder when (k - -2)/((-3)/(-123)) is divided by 21.
20
Let v be 8/(-10)*(-14 - 1). Suppose -2*t - 2*a - 3*a = -6, 3*t - 3*a = -v. Calculate the remainder when t/6*(4 + -37) is divided by 4.
3
Let o = -4 + -12. Calculate the remainder when 4/o + 21/4 is divided by 3.
2
Suppose -4*t - 24 = -t. Let y = t - -25. Suppose -2*m + 2*g = -8, -5*m + 4*g = -0*m - 22. Calculate the remainder when y is divided by m.
5
Let o(l) = 2*l**3 - 13*l**2 + 9*l - 10. What is the remainder when 44 is divided by o(6)?
4
Let k be 2/(-7) + 19/(-7). Calculate the remainder when ((-6)/4)/(k/10) is divided by 3.
2
Suppose 3*c = 9254 - 2990. Calculate the remainder when 76 is divided by c/81 + (-2)/(-9).
24
Let v = -6 - -20. What is the remainder when 264/10 - 2/5 is divided by v?
12
Suppose -4*n + 3*z - 44 = 7*z, 2*z - 41 = 5*n. Let s(x) = -2*x**2 - 10*x - 7 + 3*x**2 - 2*x**2 + 0*x. What is the remainder when 3 is divided by s(n)?
1
Let f(n) = 62*n - 2. Let i be f(5). Suppose 3*r - i = -r. Calculate the remainder when r is divided by 20.
17
Suppose -p - 4*l = -21, -l = -0*p - 5*p. Let v = p - -1. Suppose 2*y = 2*n - 4, 3*n = v*n - 4*y + 12. What is the remainder when 7 is divided by n?
3
Let d be 6/2 + (-6 - -1). Let p = -8 - d. What is the remainder when (-112)/p - 5/(-15) is divided by 10?
9
Suppose 5*c = 3*q - 50, 2*c - 1 = -3. Let u = 12 - -30. Calculate the remainder when u is divided by q.
12
Let d = -48 + 49. Let i be 1/(-1 + 4/6). Let g = -2 - i. What is the remainder when d is divided by g?
0
Let a be (-1 - -4 - 3)/(-3). Let g = 20 + a. Calculate the remainder when 38 is divided by g.
18
Let g(u) = -1 + 6 + u**3 - 4*u**2 - 3. Calculate the remainder when 51/12 - 1/4 is divided by g(4).
0
Let n(d) = d**3 - 14*d**2 + 14*d - 8. What is the remainder when 7 is divided by n(13)?
2
Let x(b) = -b - 10. Calculate the remainder when x(-17) is divided by ((-3)/1)/(3/(-2)).
1
Let p be 3/6 + 18/4. Suppose -8 = 4*i, p*m - 29 = -0*m - 3*i. Calculate the remainder when 11 is divided by m.
4
Let h = -43 - -29. Let l be 32/h - 2/(-7). Calculate the remainder when 25/l*(1 - 5) is divided by 17.
16
Suppose 2*d = 4*d. Suppose d*l = 2*l + 4. Calculate the remainder when ((-76)/(l/1))/1 is divided by 13.
12
Suppose 0 = 2*p - 4*j - 132, 2*j + 2 = -0*j. Calculate the remainder when p is divided by 22.
20
Let y(r) = r**3 + 6*r**2 - r + 3. What is the remainder when 15 is divided by y(-6)?
6
Suppose -2*i + 0*k + 20 = -2*k, 4*k = -8. Calculate the remainder when i is divided by 1/(-4) - (-13)/4.
2
Suppose 12 = -4*n + 76. Calculate the remainder when n is divided by (1/1)/(12/108).
7
Suppose -7*s + 8*s - 1 = 0. What is the remainder when 4 is divided by s?
0
Suppose 24 = 3*n + n + 2*x, -3*x - 27 = -3*n. Calculate the remainder when 19 is divided by n.
5
Let s(u) = -u + 2. Let m be s(2). Suppose 4*p = 5*l - 286, m*l + 2*p = l - 62. What is the remainder when l is divided by 14?
12
Let d(t) = -t**2 + t + 7. Calculate the remainder when d(0) is divided by (-11)/(-3) - 2/(-6).
3
Suppose -5*c + 11 + 4 = 0. Suppose c*k = -2*k + 25. Suppose k*g - 108 = 2*t - 33, -g - 2*t + 27 = 0. Calculate the remainder when g is divided by 10.
7
Let k(d) = -5*d + 57. Let o = 69 + -28. Calculate the remainder when o is divided by k(7).
19
What is the remainder when (-1 + -1)*140/(-4) is divided by 18?
16
Suppose -3*a + 8 + 1 = 0. Calculate the remainder when 6 is divided by a.
0
Let s = 24 - 18. Suppose 4*b = -3*o + 257, -5*b + 5*o + 355 = 2*o. Suppose -w + b = 3*w. What is the remainder when w is divided by s?
5
Suppose 4*g - o - 10 = o, -2*g - 3*o + 25 = 0. Suppose 18 = g*h - 27. Calculate the remainder when 34 is divided by h.
7
Suppose 0 = 35*d - 37*d + 18. Let h = -8 - -11. Suppose -h*v = -7*v + m + 102, -4*v + 5*m = -110. What is the remainder when v is divided by d?
7
Let g(w) = -w**2 - 2*w - 8. Let u(f) = f. Let t(o) = -g(o) + u(o). Calculate the re